d by 11.
9
Let x(z) = z**3 - 3*z**2 + z - 3. What is the remainder when 29 is divided by x(4)?
12
Let a(n) = n**3 + 10*n**2 + 9*n + 5. Calculate the remainder when a(-9) is divided by 3.
2
Let h = 7 + -12. Suppose -v = -15 + 8. Let y = v + h. What is the remainder when 2 is divided by y?
0
Suppose 4*u = 3*k + 83, -3*u + 2*k + k = -66. What is the remainder when u is divided by 4?
1
Let o = 4 - -4. Let s = -6 + o. What is the remainder when 2 is divided by s?
0
Suppose -8*y = -6*y - 36. What is the remainder when 52 is divided by y?
16
Suppose 2*f = -0*f + 50. Calculate the remainder when f is divided by 7.
4
Let c be ((-6)/(-4))/((-1)/(-202)). Calculate the remainder when 3/(-12) - c/(-12) is divided by 9.
7
Suppose -15*c + 1389 + 21 = 0. What is the remainder when c is divided by 24?
22
Let n = -71 + 43. Let d be (21/n)/(2/(-8)). Suppose 165 = 3*i - d*o, 4*i + 3*o + 89 = 295. What is the remainder when i is divided by 18?
17
Let a(q) = -6*q**3 - q**2 - q. What is the remainder when (-132)/11*(14/(-8) + 0) is divided by a(-1)?
3
Suppose -43 - 47 = -2*v. Calculate the remainder when v is divided by 12.
9
Suppose -11*s - 3 = -12*s. Suppose 2*t + 2*t = 28. What is the remainder when t is divided by s?
1
Let h = -12 + 26. Let k(r) be the third derivative of -r**6/120 + 2*r**5/15 - 5*r**4/24 - r**3/3 - r**2. What is the remainder when k(6) is divided by h?
12
Suppose 0 = -5*x - 0*x + 15. Let q be 2 - ((-75)/3 - 3). Suppose 5*p - 5 = 2*l + q, 3*l = 5*p - 35. What is the remainder when p is divided by x?
1
Let m = 18 - 6. Let u(n) = -2*n - 7. Let i(l) = -l + 1. Let f(h) = -3*i(h) - u(h). Calculate the remainder when f(6) is divided by m.
10
Suppose -5*k + 68 = 3*w, 3*k - w = 4*w + 34. Let h = k - 9. Let a(i) = 2*i - 4. Calculate the remainder when 7 is divided by a(h).
3
Let t(r) = -7*r - 16. What is the remainder when t(-32) is divided by 30?
28
Suppose 4*y - 3*y - 3 = 0. Let s = y + -1. Suppose -b - 21 = -s*b. Calculate the remainder when b is divided by 11.
10
Let a(x) = -x**3 - 6*x**2 + 5*x + 8. Calculate the remainder when 87 is divided by a(-7).
21
What is the remainder when 854/(-28)*(-2)/1 is divided by 21?
19
Suppose -3*f - f + 52 = 0. Suppose -4*a + o - 5*o - 24 = 0, a + 5*o = -10. Let d = a + 12. What is the remainder when f is divided by d?
6
Let k = 12 + -9. Calculate the remainder when 62*1/6*k is divided by 11.
9
Let f be (-2)/8 - (-162)/8. Let i = 39 - f. What is the remainder when 36 is divided by i?
17
Let b(t) = -t + 3. Let i be b(-6). Suppose -u - i = -4*u. Suppose -6*h = -2*h - 4*v - 12, 5*v = -u*h + 1. What is the remainder when 3 is divided by h?
1
Suppose 5*h + 0*h - 20 = 0. What is the remainder when 10 is divided by h?
2
Let y = 3 - 5. Let m = -30 + 42. Calculate the remainder when y*1/2*-34 is divided by m.
10
Let v(t) = t**2 - 5*t + 13. Calculate the remainder when v(7) is divided by 7.
6
What is the remainder when (-12)/(-15)*145/2 is divided by 12?
10
Let y(p) = p**3 - 3*p**2 - 4*p + 3. Let n be y(4). Suppose n*u - 36 - 30 = 0. Calculate the remainder when u is divided by 8.
6
Suppose -5 = -4*a + 3*a. Let j(u) be the second derivative of -3*u**5/20 - u**4/3 - u**3/3 + u**2/2 - u. What is the remainder when j(-2) is divided by a?
3
Suppose -140*z - 460 = -150*z. Suppose 3*r = -5*w + 56, 5*r + 4*w = 2*r + 52. What is the remainder when z is divided by r?
10
What is the remainder when 30 is divided by (-17)/68 - (-33)/4?
6
What is the remainder when (-3 - 2) + 3 - -40 is divided by 0 - (-24 + (2 - -2))?
18
Let c = 10 - 5. Suppose -3*v + 2 = -2*v. What is the remainder when c is divided by v + 3 - (3 + -1)?
2
Let a = 52 - 30. Suppose s - 2*s + 43 = 0. What is the remainder when s is divided by a?
21
Let y(a) = 5*a**2 - 10*a - 34. Let v(t) = 3*t**2 - 5*t - 17. Let z(j) = 7*v(j) - 4*y(j). Calculate the remainder when z(-7) is divided by 17.
14
Suppose -15 = -3*z, -2*j + 2*z + 3*z + 9 = 0. Calculate the remainder when j is divided by 10.
7
Let v(g) = g**3 + 8*g**2 - 10*g + 2. Calculate the remainder when 19 is divided by v(-9).
8
Suppose -18 = -i - u, i - 12 = u - 0. What is the remainder when (i + 1)*(-6)/(-8) is divided by 7?
5
Let g(u) = 8*u**3 - u**2 + 2*u - 1. Let l be g(1). Let p be (-3 - -7)*(-3)/(-4). Let h = l + p. Calculate the remainder when 31 is divided by h.
9
Let q(m) be the first derivative of m**2 - 8*m + 1. Let p be q(6). Suppose 5 = h - p. Calculate the remainder when 16 is divided by h.
7
Suppose 84 = 5*f - 121. Calculate the remainder when f is divided by 11.
8
What is the remainder when 63 is divided by 4*34*(-4)/(-32)?
12
Let l(x) = -x**3 + 4*x**2 + x - 3. Let a = 7 - 4. Calculate the remainder when l(a) is divided by 3/3 + (1 - -1).
0
Let t(j) = j + 14. What is the remainder when t(0) is divided by (0 - -6) + 3/6*-2?
4
Let h(d) = -d + 6. What is the remainder when 64 is divided by h(-7)?
12
Let q = 19 - 17. Let w(j) = 2*j - 5. What is the remainder when w(6) is divided by q?
1
Let g be 0 + 6 - (3 - 1). Suppose -4*x = -5*j + x + 70, -g*j + 26 = 2*x. Let z = 20 - j. Calculate the remainder when 20 is divided by z.
9
Let r = -190 - -206. What is the remainder when r is divided by 4?
0
Suppose -p + 4*p + 67 = 4*u, -42 = -4*u - 2*p. Let v = 20 + u. What is the remainder when v is divided by 17?
16
Suppose -b = 2*b - 9. Suppose 0*g - 5*g = j - 19, -b*j - 4*g = -2. Let c(m) = -m**2 - 11*m - 7. Calculate the remainder when c(j) is divided by 8.
7
Let k(g) = 4*g - 10. What is the remainder when k(13) is divided by 30?
12
Suppose u - 45 = -3. Calculate the remainder when 333 is divided by u.
39
Let g = 83 + -31. Calculate the remainder when g is divided by 9.
7
Suppose -14 = 4*w + 5*h, -2*w - h - 16 = -3*h. Let a(k) = -2*k + 2. Suppose 164 = 3*i + i. What is the remainder when i is divided by a(w)?
13
Let z = -126 + 254. Suppose -3*x - r = 2*x - z, -3*x = -3*r - 66. Let q(w) = 2*w**2 + 4*w + 1. Calculate the remainder when x is divided by q(-3).
4
Suppose -7*x + 3*x + 55 = 5*k, k = -3*x. Calculate the remainder when 57 is divided by k.
12
Suppose 78 = -0*o + 3*o. Calculate the remainder when 103 is divided by o.
25
Let n be (1/(-2))/((-12)/48). Calculate the remainder when n/(-8) + 57/4 is divided by 3.
2
Let t(l) = l**3 - 3*l**2 - 3*l + 1. Let o be t(4). Suppose -f = 4*f + 4*z - 46, -o*f = 2*z - 48. What is the remainder when 37 is divided by f?
7
What is the remainder when 58 is divided by (120/28)/((-2)/(28/(-2)))?
28
Let o(p) be the second derivative of 7*p**3/6 + p**2/2 - 7*p. Calculate the remainder when o(6) is divided by 11.
10
Let n = 56 + -40. Let u be ((-12)/9)/(2/(-6)). Suppose u*a - 46 = i + 4*i, -4*i + 1 = a. Calculate the remainder when n is divided by a.
7
Let t(g) = 3*g - 11. Let r be (-185)/2*12/(-15). Suppose 0 = -c + 3*c - r. Calculate the remainder when c is divided by t(8).
11
Let t = 185 - 183. What is the remainder when (-1)/((0 - -1)/(-4)) is divided by t?
0
Let p(w) = -w**2 + 12. Let z(g) = -g + 6. Let b be z(6). Let q = b - 0. What is the remainder when 35 is divided by p(q)?
11
Suppose 0 = 5*d - 9*d + 84. Calculate the remainder when 60 is divided by d.
18
Let m(s) = 6*s + 1. Suppose 0 = -4*i + 3*i - 6. Let j(a) = -7*a - 4. Calculate the remainder when j(i) is divided by m(2).
12
Suppose -s - 22 = -3*l, 0 = s - 1 - 1. What is the remainder when 22 is divided by l?
6
Calculate the remainder when 10 is divided by (3 - 33/9)*-3.
0
Let t(f) = f**3 - 6*f**2 - 5*f. Suppose -27 = -2*b - 3*b + 2*j, -4*b - 3*j = -40. Calculate the remainder when t(b) is divided by (-3)/(-2) - (-21)/6.
4
Suppose -t + 37 = 2*j, 2*j + 3*j - 75 = t. Suppose j = w - 7. What is the remainder when 66 is divided by w?
20
Suppose 0 = 3*c - 5 - 37. Calculate the remainder when 41 is divided by c.
13
Suppose 0*i - 1470 = 7*i. What is the remainder when (i/(-9))/(3/9) is divided by 18?
16
Let f be ((-10)/(-15))/(1/3). Suppose -3 = -5*p + f. Suppose 0 = -j - p + 2. Calculate the remainder when j is divided by 1.
0
Let x(j) = 2*j + 3. Calculate the remainder when 8 is divided by x(0).
2
Let k(i) = i**2 + 3*i + 3. What is the remainder when 23 is divided by k(-4)?
2
Let y be (-3)/15 - 291/(-5). Calculate the remainder when y*((-2)/(-2))/2 is divided by 3*25/(-60)*-8.
9
Let j(o) = 5*o - 1. Let z(k) = -5*k + 18. What is the